ded by 251?
32
Calculate the remainder when 38065 is divided by 9513.
13
What is the remainder when 68299 is divided by 74?
71
Calculate the remainder when 2833 is divided by 69.
4
What is the remainder when 1336 is divided by 862?
474
Calculate the remainder when 890 is divided by 293.
11
Calculate the remainder when 1176108 is divided by 392036.
0
Calculate the remainder when 10071 is divided by 166.
111
Calculate the remainder when 13274 is divided by 1202.
52
What is the remainder when 4119 is divided by 277?
241
Calculate the remainder when 1149 is divided by 167.
147
Calculate the remainder when 448061 is divided by 1409.
1408
Calculate the remainder when 610 is divided by 609.
1
What is the remainder when 279 is divided by 227?
52
Calculate the remainder when 856 is divided by 412.
32
Calculate the remainder when 8131 is divided by 215.
176
Calculate the remainder when 63246 is divided by 16.
14
Calculate the remainder when 2412 is divided by 161.
158
Calculate the remainder when 4421 is divided by 16.
5
Calculate the remainder when 100155 is divided by 638.
627
Calculate the remainder when 301066 is divided by 37.
34
Calculate the remainder when 7742 is divided by 2544.
110
What is the remainder when 116195 is divided by 321?
314
What is the remainder when 917 is divided by 168?
77
What is the remainder when 664 is divided by 30?
4
What is the remainder when 267531 is divided by 22?
11
What is the remainder when 1529627 is divided by 18?
5
What is the remainder when 886 is divided by 255?
121
Calculate the remainder when 1728 is divided by 874.
854
Calculate the remainder when 231724 is divided by 130.
64
What is the remainder when 91290 is divided by 10143?
3
Calculate the remainder when 2992 is divided by 161.
94
What is the remainder when 129542 is divided by 510?
2
What is the remainder when 21053 is divided by 58?
57
Calculate the remainder when 807385 is divided by 4694.
17
What is the remainder when 8123 is divided by 4058?
7
Calculate the remainder when 8732 is divided by 4041.
650
What is the remainder when 525509 is divided by 2856?
5
What is the remainder when 6067 is divided by 611?
568
Calculate the remainder when 38034 is divided by 12.
6
Calculate the remainder when 24624 is divided by 162.
0
Calculate the remainder when 7547 is divided by 22.
1
Calculate the remainder when 16199 is divided by 224.
71
Calculate the remainder when 14969 is divided by 172.
5
Calculate the remainder when 2234959 is divided by 104.
103
What is the remainder when 19348 is divided by 840?
28
What is the remainder when 15042 is divided by 5012?
6
What is the remainder when 213473 is divided by 4963?
64
Calculate the remainder when 1275167 is divided by 1154.
1151
What is the remainder when 31422 is divided by 229?
49
Calculate the remainder when 22209 is divided by 48.
33
Calculate the remainder when 2442 is divided by 304.
10
What is the remainder when 13697 is divided by 1243?
24
Calculate the remainder when 1541 is divided by 728.
85
Calculate the remainder when 623039 is divided by 44502.
11
Calculate the remainder when 408213 is divided by 524.
17
Calculate the remainder when 1114 is divided by 91.
22
What is the remainder when 311627 is divided by 10?
7
What is the remainder when 313334 is divided by 156667?
0
What is the remainder when 1820 is divided by 94?
34
What is the remainder when 610 is divided by 543?
67
What is the remainder when 416554 is divided by 532?
530
What is the remainder when 7536 is divided by 60?
36
Calculate the remainder when 10808 is divided by 3243.
1079
What is the remainder when 33037 is divided by 464?
93
Calculate the remainder when 5909 is divided by 2065.
1779
Calculate the remainder when 6748 is divided by 6.
4
What is the remainder when 6071 is divided by 1964?
179
What is the remainder when 82737 is divided by 10?
7
What is the remainder when 1252 is divided by 174?
34
What is the remainder when 20251 is divided by 471?
469
Calculate the remainder when 5824 is divided by 1442.
56
What is the remainder when 1758 is divided by 399?
162
Calculate the remainder when 3028 is divided by 17.
2
Calculate the remainder when 14590 is divided by 6.
4
What is the remainder when 33951 is divided by 32?
31
Calculate the remainder when 7000 is divided by 757.
187
Calculate the remainder when 2415486 is divided by 14.
10
Calculate the remainder when 4669 is divided by 170.
79
Calculate the remainder when 14063 is divided by 79.
1
Calculate the remainder when 1655 is divided by 680.
295
Calculate the remainder when 1026598 is divided by 103.
100
Calculate the remainder when 8105 is divided by 16.
9
What is the remainder when 873 is divided by 137?
51
Calculate the remainder when 134130 is divided by 124.
86
What is the remainder when 1872 is divided by 778?
316
Calculate the remainder when 4964 is divided by 223.
58
What is the remainder when 3273 is divided by 37?
17
What is the remainder when 2475 is divided by 39?
18
What is the remainder when 4921 is divided by 433?
158
Calculate the remainder when 48895 is divided by 719.
3
What is the remainder when 18901 is divided by 305?
296
What is the remainder when 738902 is divided by 7?
3
Calculate the remainder when 2443835 is divided by 11.
9
What is the remainder when 733408 is divided by 145?
143
What is the remainder when 3558 is divided by 53?
7
What is the remainder when 56797 is divided by 212?
193
What is the remainder when 1903 is divided by 5?
3
What is the remainder when 4474 is divided by 1972?
530
What is the remainder when 18416 is divided by 1686?
1556
Calculate the remainder when 7145 is divided by 7128.
17
Calculate the remainder when 5692 is divided by 62.
50
What is the remainder when 6745 is divided by 1468?
873
What is the remainder when 19331 is divided by 51?
2
What is the remainder when 37034 is divided by 197?
195
What is the remainder when 48947 is divided by 441?
437
What is the remainder when 14556 is divided by 2628?
1416
What is the remainder when 443307 is divided by 118?
99
What is the remainder when 23710 is divided by 68?
46
Calculate the remainder when 2957 is divided by 148.
145
What is the remainder when 2635 is divided by 199?
48
Calculate the remainder when 41838 is divided by 3.
0
Calculate the remainder when 1586 is divided by 53.
49
Calculate the remainder when 129146 is divided by 309.
293
What is the remainder when 1239 is divided by 1205?
34
Calculate the remainder when 41309 is divided by 486.
485
Calculate the remainder when 23570 is divided by 27.
26
What is the remainder when 87693 is divided by 395?
3
What is the remainder when 859699 is divided by 1689?
1687
What is the remainder when 1894 is divided by 696?
502
Calculate the remainder when 2105564 is divided by 55.
54
What is the remainder when 78970 is divided by 157?
156
Calculate the remainder when 4440 is divided by 188.
116
Calculate the remainder when 23449 is divided by 5856.
25
Calculate the remainder when 377333 is divided by 94332.
5
What is the remainder when 3390 is divided by 173?
103
Calculate the remainder when 4073 is divided by 191.
62
What is the remainder when 1631 is divided by 536?
23
Calculate the remainder when 8230 is divided by 823.
0
What is the remainder when 154774 is divided by 208?
22
What is the remainder when 4408399 is divided by 1712?
1711
Calculate the remainder when 27028 is divided by 2649.
538
What is the remainder when 39123 is divided by 13033?
24
Calculate the remainder when 108977 is divided by 45.
32
What is the remainder when 62064 is divided by 5?
4
What is the remainder when 1560 is divided by 450?
210
What is the remainder when 2336 is divided by 2308?
28
What is the remainder when 454447 is divided by 1052?
1035
What is the remainder when 497201 is divided by 379?
332
Calculate the remainder when 1182 is divided by 442.
298
Calculate the remainder when 200127 is divided by 53.
52
Calculate the remainder when 4717 is divided by 17.
8
Calculate the remainder when 7827 is divided by 462.
435
Calculate the remainder when 8243 is divided by 8.
3
What is the remainder when 10862 is divided by 572?
566
What is the remainder when 6878 is divided by 21?
11
What is the remainder when 5153 is divided by 2573?
7
Calculate the rema